 -16)
10
Evaluate -2 - -4 - (6 - (-1 + 1)) - 6.
-10
-9 + (-9 - (-9 + 5))
-14
Evaluate (31 - (-6 - -23)) + -4.
10
What is -1 + -3 + (2 - -14)?
12
Evaluate -12 + 2 + -4 + 9 - (2 - 0).
-7
Calculate -14 + 2 + 17 + 11.
16
-12 - (-31 + (3 - -7)) - -18
27
What is 2 - (-1 - (-3 - 1)) - -16?
15
Evaluate 15 - (-1 - (5 + -2 + 0)).
19
-13 - ((-30 - -21) + 9)
-13
What is the value of -1 - -3 - (-108 - -123)?
-13
What is (774 - 781) + 0 + -2 + 30?
21
Calculate (-36 - -55) + -1 + -3 + -2.
13
(-1 - (7 + -1)) + -136 + 151
8
Calculate 6 + (-2 - -3 - (12 + -3)) + 17.
15
-7 + 16 - -6 - (15 - 7)
7
Evaluate -13 + -10 + 22 + -1.
-2
What is the value of 32 + -31 - -32 - 49?
-16
What is the value of 1 + 11 + -1 - -2?
13
Evaluate 6 + (-9 - (-21 + 14)) + (-1 - 0).
3
Calculate (-43 - (-51 - 14)) + -33.
-11
Evaluate 15 + 4 + (3 - 20).
2
Evaluate -15 + (31 - 23) + -4.
-11
4 - ((-6 - -9) + (-11 - -1))
11
Evaluate 1 + 1 - 4 - -6 - (108 - 136).
32
Evaluate -4 + ((-2 - -2) + 8 - 10 - 3).
-9
Calculate -48 + 54 - (10 + 6).
-10
What is -4 + -1 + (0 - -11) + -3 + -6?
-3
What is -33 - (32 + -72) - (-1 + 34)?
-26
What is (0 - 2) + (13 + -5 - 16)?
-10
What is (-3 + 6 - 17) + 9?
-5
-39 + 19 + -2 - (-9 + 1 + 2)
-16
Evaluate 1 + (1 - (-6 + 8)) - -5.
5
What is the value of 5 + 6 + 2 + 137 + -135?
15
What is -3 - 8 - 7 - (0 - 5)?
-13
Evaluate 5 + 10 + (4 - 1).
18
Evaluate 11 + 0 - (-4 + 9 + (24 - 17)).
-1
What is the value of 24 + (-3 - (5 - (9 + 5))) + -14?
16
Calculate -182 + 168 + 50 + (1 - 1).
36
Evaluate -7 - 3 - ((0 - 14) + 9) - -13.
8
Evaluate -24 - ((-43 - -18) + 5).
-4
What is the value of (59 - 69) + (3 - 7)?
-14
Evaluate -7 - -2 - (-147 - -154).
-12
What is 4 - 13 - (-3 + -5)?
-1
What is (122 - 114 - (2 + 3)) + -16?
-13
What is the value of -1 + (5 - (10 + -16))?
10
Calculate 5 + -3 + 6 - -8 - 8.
8
Evaluate 4 - ((-9 - (11 + 5)) + 12).
17
What is 0 - 7 - (6 - (11 + (-11 - -1)))?
-12
Calculate -3 - (-3 - -2) - 5 - (-50 - -60).
-17
9 - (-1 + (0 - -9 - 10) + 10)
1
Calculate 16 + (2 - 26) - 1.
-9
What is the value of 288 + -299 - (-12 - -2) - -27?
26
What is the value of -7 - ((28 + -27 - -36) + -9 + -2)?
-33
What is the value of 12 + -14 + 4 + -10 + (-9 - 0)?
-17
What is the value of 2 + -1 + -19 + 29?
11
What is 52 - (37 + -9) - 13?
11
What is the value of -8 + (14 - (9 + 12))?
-15
-14 + (5 - 17 - -6)
-20
Evaluate 17 + -4 + 32 + -20 + (-15 - -1).
11
What is (7 - 4 - -4 - 7) + 7 + -6?
1
What is the value of 6 + -2 + -4 + -12 + 2 + 1?
-9
What is the value of -10 - (0 + -7) - -5 - (-3 - -2)?
3
What is the value of (9 - (-4 - (-14 - -5))) + -9?
-5
Evaluate 23 - (21 + (-36 - -25)).
13
Calculate -5 + (6 + -12 - (0 - 11)) - -14.
14
-9 + 1 - (335 - 335)
-8
-7 + 0 + (-26 - -19)
-14
Calculate 220 + -221 + 13 + 0.
12
What is 6 - (-9 + (-4 - -4) - (-13 + 11))?
13
What is the value of -5 - (0 + -4 + -3 - -4)?
-2
What is 29 + (-120 - -107 - ((0 - -2) + -9))?
23
-13 + 4 - (0 - (5 + -8))
-12
Calculate -14 + -3 + 15 + (6 - -1).
5
What is the value of 25 + -49 + 47 + -25?
-2
Evaluate (8 - 1) + (8 - 6 - 10 - -4).
3
What is the value of 33 - (7 + 82 + -34)?
-22
Calculate 0 - 0 - (7 + -23 - -14).
2
What is -2 + 4 + 2 + 0 + 41 + -43?
2
-4 + 1 + -16 + 52 + -23
10
What is 31 + -21 + 10 - 25?
-5
What is the value of -11 + (-6 - (-6 + -3 + -5))?
-3
What is (-9 - (8 + -7)) + 5 + 1?
-4
Calculate (0 + 10 - 21) + 7.
-4
Evaluate -11 - (-25 + 3 - (-4 + 22)).
29
Calculate -9 + 10 + -2 - -10.
9
What is 4 + (-6 - (1 - (-6 - -5)))?
-4
What is 138 - 143 - (-2 + -7)?
4
What is the value of 28 + (-12 - -9 - 43)?
-18
Calculate (20 - 26) + (-1 - (3 + 0) - -5).
-5
Evaluate 27 - -11 - 76 - -17.
-21
-1 - (10 - (6 + 25))
20
Evaluate 1 - (-5 - -5) - 7 - -20.
14
Evaluate (0 - -11) + 10 + 5 + -14.
12
Evaluate (-4 - (11 + -6)) + -5 + -2 + 3.
-13
What is -3 - 2 - (2 + -19) - (5 - 2)?
9
What is 4 + 6 + (10 + -2 - 3)?
15
Calculate 2 + (-15 + (-3 - 0 - 0) - -5).
-11
20 - (57 + -39) - -11
13
Calculate 0 - (14 - 3 - 23).
12
What is 9 - (1 - (-6 - (-7 + 0 + 3)))?
6
11 - 15 - (-7 - -14)
-11
Evaluate 6 - (10 - -3) - (-7 - 15).
15
Calculate -13 + (14 - (20 + -33)).
14
Evaluate -9 + -6 + 12 + 0 + 1 + 4.
2
Calculate 13 - 3 - (1 + 3) - 3.
3
What is -15 - ((-28 - -26) + -7)?
-6
Evaluate -20 - (-47 - (17 + -31) - 0).
13
Calculate 1 - (-10 + (2 - -12)).
-3
What is the value of (1 - 0) + (-2 - -4)?
3
What is 0 + (0 + -2 - (6 - (1 + 5)))?
-2
What is 100 + -101 + (-3 - (2 - 2) - 8)?
-12
-10 + 4 - (-6 - (1 + -4 - -4))
1
What is the value of 0 + 13 - (10 - (-31 - -34))?
6
What is (-1 - -3) + -238 + 233 - -1?
-2
Evaluate -3 + -4 + 7 + 1 + -3.
-2
Calculate 15 + 0 - (-2 - 24 - -14).
27
What is 38 + 5 + (2 - 53)?
-8
214 - 166 - (13 + -2) - 13
24
Evaluate -9 - (20 - (18 + 7)) - (-1 + -1).
-2
What is the value of (-5 - (5 - (3 + 13))) + -56 + 35?
-15
What is -2 + -1 + 14 + (-12 + 24 - 1)?
22
What is 26 - 31 - (-6 - (-2 + 5))?
4
What is (5 - 23) + 1 - (2 + -2)?
-17
3 + (7 - (12 + -3) - -7)
8
-18 + (3 - ((-4 - (8 - 4)) + 21))
-28
Evaluate 0 - (-3 + -5 + 5 + 1).
2
Evaluate 0 + 6 + -1 + (19 - (-21 + 47)).
-2
What is -1 - 1 - (-1 + 2) - (72 - 69)?
-6
Evaluate (6 - -16) + -11 - 4.
7
Calculate 13 - (15 + 11 + -15).
2
-4 - ((-17 - (6 - 9)) + 4) - 0
6
What is the value of (-6 - -19) + -6 + 1?
8
Calculate 10 + 5 + -4 + -10.
1
Calculate (0 - 1) + (-8 - 0 - (29 - 27)).
-11
Evaluate 4 + (5 - (-5 - -7) - -8).
15
Evaluate (2 - 2 - (0 - -3)) + -91 + 80.
-14
What is -8 + 12 + (8 - (-2 + 7))?
7
What is the value of (-7 - -12 - -2) + (6 - 15 - -3)?
1
What is the value of (-12 - -3) + (2 - (-3 + 0))?
-4
(-1 + 6 - 4) + (-2 - 15 - -2)
-14
Calculate 18 + -17 + 6 + -6.
1
What is the value of (-1 + -14 - (23 + -22)) + 4 + -6?
-18
What is -13 + 35 + -24 - 2?
-4
(7 - 19) + 18 + (1 - 15)
-8
5 - (0 - 15 - (-4 - 2))
14
What is the value of -20 + 0 - (-10 - (3 - 11) - -9)?
-27
What is 29 + -7 + -12 + 7 + -38?
-21
Calculate 2 - (15 - 39) - 5.
21
What is the value of (-8 - (11 + -14)) + (1 - 3) + 0?
-7
Calculate -25 - (5 + 4 + -22).
-12
Calculate 1 + (-2 - 8 - -1) - (-895 + 877).
10
What is -27 + (94 - 46) + (1 - -2)?
24
Evaluate -12 + (26 - (-2 + 8)) - 30.
-22
(-35 - -72) + -40 + -8 + 1 + -8
-18
What is 1 + (-657 + 650 - (-11 + 2 + -1))?
4
What is -4 + 1 + 1 - (19 - 24)?
3
What is 34 + -8 + -34 + (-3 - (2 - 2))?
-11
-7 - (0 - 24) - 31
-14
(6 - 0) + (-5 - (-13 - -3))
11
Calculate (0 - -22) + -4 - 3.
15
Evaluate -3 - ((-2 - (1 + 0)) + 42 + -35).
-7
What is the value of 10 - (0 + 2) - -1?
9
Evaluate 1 + 6 + 1 + -10.
-2
What is the value of -1 + 15 - (-6 - (27 + -42))?
5
What is -20 + (-15 - -6) - (2 + -7)?
-24
What is the value of 0 - -22 - (-18 - (-42 - -21))?
19
What is the value of 7 + (3 - 3 - -7 - (-1 + 9))?
6
What is the value of 2 + (-23 - -22) + 27 + -5 + -1?
22
What is -7 - (-21 - -2) - (1 - 0) - 5?
6
Calculate 20 + -6 + (-8 - -14) + -6.
14
Evaluate 55 - 63 - (-19 - -5).
6
Evaluate -3 + (11 - 1) + (38 - 36).
9
What is the value of (-11 - -15) + 20 - 14?
10
Calculate 27 - (47 - -1 - 6).
-15
-20 + -1 + 46 + -18
7
What is the value of 18 + (7 - 6) + -14?
5
What is the value of (-24 - -23) + -9 - (-28 + 3)?
15
What is 11 + (1 - 21 - 1) + 148 + -138?
0
What is the value of (1 - 1) + -14 + 24 + 1 + 4?
15
What is the value of -2 + -17 - (-37 + 28)?
-10
-8 + (19 - 4) + 18 + -6
19
10 - (25 - 19) - (-11 + 2)
13
What is the value of 5 + (-8 - -12 - 11 - -19)?
17
What is the value of 9 + -20 + -5 + 19 + (7 - 31)?
-21
46 + (-59 - -12) - (0 + 0 + -10)
9
-32 + (-3 - -22) + 5
-8
Evaluate -4 + (10 - (-10 + 23)).
-7
Calculate 12 + -15 + -4 - -20.
13
(-30 - (-5 - -13)) + 25
-13
(0 - (8 + (-2 - 4))) + (7 - -2)
7
Evaluate -7 - -10 - (-15 - -10).
8
Calculate -13 - -1 - (-186 + 181) - 17.
-24
Evaluate (8 - (3 - 9) - 7) + -2.
5
Calculate -1 - (17 + 4) - (0 - -9 - 9).
-22
What is (2 - 2) + -8 - (-16 - (-11 - -5))?
2
Calculate 7 - (-18 - (-13 + -8) - -4).
0
What is the value of (-14 - (-6 + -11)) + -22 + 5?
-14
What is -6 - 5 - (28 - 35)?
-4
Calculate -690 - -712 - (-1 - -29).
-6
What is 17 + 33 + (-58 - -29)?
21
What is the value of -46 - -35 - -5 - -36?
30
-3 - ((-7 - -1 - (-7 - 2)) + -14)
8
-2 + 0 + -8 + (-98 - -107)
-1
Evaluate -26 + 2 + 16 + 0 + -7.
-15
What is (7 - 8 - 0 - (1 - 3)) + 2?
3
Evaluate (-11 - 6) + 50 + -14.
19
Calculate 13 - (16 + -42 - -9) - 1.
29
What is the value of 23 + -11 + 11 